{"id":419,"date":"2023-11-02T01:56:14","date_gmt":"2023-11-02T00:56:14","guid":{"rendered":"https:\/\/mermach.pe\/?post_type=product&#038;p=419"},"modified":"2025-09-01T00:49:32","modified_gmt":"2025-09-01T05:49:32","slug":"tn-3499","status":"publish","type":"product","link":"https:\/\/mermach.pe\/index.php\/producto\/tn-3499\/","title":{"rendered":"TONER BROTHER TN-3499 HL-L6400DW 20k PAGS."},"content":{"rendered":"<p><em><strong>Toner Brother TN-3499 Negro Original\u00a0con rendimiento de\u00a020.000\u00a0p\u00e1ginas\u00a0de impresi\u00f3n.<\/strong><\/em><\/p>\n<div class=\"sr-free\" data-cooltipz-dir=\"bottom-left\" aria-label=\"Click sentence to rephrase\"><em>Los cartuchos de t\u00f3ner Brother\u00a0 TN-3499 tienen un chip inteligente dentro del cartucho de t\u00f3ner TN-3499 que cuenta el n\u00famero de impresiones en negro producidas de la misma manera que el c\u00f3digo de t\u00f3ner est\u00e1 grabado en el cartucho de t\u00f3ner. \u00a0en alto relieve. Lo que significa que es un producto Brother. Este cartucho de t\u00f3ner TN-3499 est\u00e1 dise\u00f1ado para su uso en los siguientes modelos de impresora Brother HL-L6400DW \/ MFC-L6900DW. con un rendimiento de 20,000 paginas, proporcionando una impresi\u00f3n de alta calidad a un precio muy econ\u00f3mico.<\/em><\/div>\n<div class=\"sr-free\" data-cooltipz-dir=\"bottom-left\" aria-label=\"Click sentence to rephrase\"><em>El\u00a0uso de\u00a0consumibles originales garantiza\u00a0la mejor calidad de\u00a0impresi\u00f3n\u00a0y\u00a0prolonga\u00a0la vida \u00fatil de\u00a0la impresora.<\/em><\/div>\n<div data-cooltipz-dir=\"bottom-left\" aria-label=\"Click sentence to rephrase\"><\/div>\n<div class=\"sr-free\" data-cooltipz-dir=\"bottom-left\" aria-label=\"Click sentence to rephrase\"><strong><em>Realizamos env\u00edos a todo el Per\u00fa.<\/em><\/strong><\/div>\n<div data-cooltipz-dir=\"bottom-left\" aria-label=\"Click sentence to rephrase\"><\/div>\n<div class=\"sr-free\" data-cooltipz-dir=\"bottom-left\" aria-label=\"Click sentence to rephrase\"><em>Pregunta por nuestras ofertas especiales y descuentos, nuestros asesores de ventas est\u00e1n listos para ayudarte.<\/em><\/div>\n","protected":false},"excerpt":{"rendered":"<p><em><strong>&gt; TN-3499 T\u00f3ner Brother Original<\/strong><\/em><br \/>\n<em><strong>&gt; T\u00f3ner para HL-L6400DW. Rendimiento 20,000 paginas.<\/strong><\/em><\/p>\n","protected":false},"featured_media":420,"comment_status":"open","ping_status":"closed","template":"","meta":{"site-sidebar-layout":"default","site-content-layout":"","ast-site-content-layout":"default","site-content-style":"default","site-sidebar-style":"default","ast-global-header-display":"","ast-banner-title-visibility":"","ast-main-header-display":"","ast-hfb-above-header-display":"","ast-hfb-below-header-display":"","ast-hfb-mobile-header-display":"","site-post-title":"","ast-breadcrumbs-content":"","ast-featured-img":"","footer-sml-layout":"","ast-disable-related-posts":"","theme-transparent-header-meta":"default","adv-header-id-meta":"","stick-header-meta":"","header-above-stick-meta":"","header-main-stick-meta":"","header-below-stick-meta":"","astra-migrate-meta-layouts":"set","ast-page-background-enabled":"default","ast-page-background-meta":{"desktop":{"background-color":"var(--ast-global-color-4)","background-image":"","background-repeat":"repeat","background-position":"center center","background-size":"auto","background-attachment":"scroll","background-type":"","background-media":"","overlay-type":"","overlay-color":"","overlay-opacity":"","overlay-gradient":""},"tablet":{"background-color":"","background-image":"","background-repeat":"repeat","background-position":"center center","background-size":"auto","background-attachment":"scroll","background-type":"","background-media":"","overlay-type":"","overlay-color":"","overlay-opacity":"","overlay-gradient":""},"mobile":{"background-color":"","background-image":"","background-repeat":"repeat","background-position":"center center","background-size":"auto","background-attachment":"scroll","background-type":"","background-media":"","overlay-type":"","overlay-color":"","overlay-opacity":"","overlay-gradient":""}},"ast-content-background-meta":{"desktop":{"background-color":"var(--ast-global-color-5)","background-image":"","background-repeat":"repeat","background-position":"center center","background-size":"auto","background-attachment":"scroll","background-type":"","background-media":"","overlay-type":"","overlay-color":"","overlay-opacity":"","overlay-gradient":""},"tablet":{"background-color":"var(--ast-global-color-5)","background-image":"","background-repeat":"repeat","background-position":"center center","background-size":"auto","background-attachment":"scroll","background-type":"","background-media":"","overlay-type":"","overlay-color":"","overlay-opacity":"","overlay-gradient":""},"mobile":{"background-color":"var(--ast-global-color-5)","background-image":"","background-repeat":"repeat","background-position":"center center","background-size":"auto","background-attachment":"scroll","background-type":"","background-media":"","overlay-type":"","overlay-color":"","overlay-opacity":"","overlay-gradient":""}},"_joinchat":[]},"product_brand":[],"product_cat":[47,20,26],"product_tag":[59,60,61,42,58],"class_list":{"0":"post-419","1":"product","2":"type-product","3":"status-publish","4":"has-post-thumbnail","6":"product_cat-brother","7":"product_cat-suministro","8":"product_cat-toner","9":"product_tag-brother-tn-3499","10":"product_tag-hl-l6400dw","11":"product_tag-mfc-l6900dw","12":"product_tag-toner-brother","13":"product_tag-toner-tn-3499","14":"desktop-align-left","15":"tablet-align-left","16":"mobile-align-left","18":"first","19":"instock","20":"featured","21":"taxable","22":"shipping-taxable","23":"purchasable","24":"product-type-simple"},"jetpack_sharing_enabled":true,"_links":{"self":[{"href":"https:\/\/mermach.pe\/index.php\/wp-json\/wp\/v2\/product\/419","targetHints":{"allow":["GET"]}}],"collection":[{"href":"https:\/\/mermach.pe\/index.php\/wp-json\/wp\/v2\/product"}],"about":[{"href":"https:\/\/mermach.pe\/index.php\/wp-json\/wp\/v2\/types\/product"}],"replies":[{"embeddable":true,"href":"https:\/\/mermach.pe\/index.php\/wp-json\/wp\/v2\/comments?post=419"}],"wp:featuredmedia":[{"embeddable":true,"href":"https:\/\/mermach.pe\/index.php\/wp-json\/wp\/v2\/media\/420"}],"wp:attachment":[{"href":"https:\/\/mermach.pe\/index.php\/wp-json\/wp\/v2\/media?parent=419"}],"wp:term":[{"taxonomy":"product_brand","embeddable":true,"href":"https:\/\/mermach.pe\/index.php\/wp-json\/wp\/v2\/product_brand?post=419"},{"taxonomy":"product_cat","embeddable":true,"href":"https:\/\/mermach.pe\/index.php\/wp-json\/wp\/v2\/product_cat?post=419"},{"taxonomy":"product_tag","embeddable":true,"href":"https:\/\/mermach.pe\/index.php\/wp-json\/wp\/v2\/product_tag?post=419"}],"curies":[{"name":"wp","href":"https:\/\/api.w.org\/{rel}","templated":true}]}}